the units digit of y(f)?
0
Let x be -46 - -44 - 3*-1. What is the hundreds digit of ((-3680)/30)/(39/45 - x)?
9
Let f(j) = -j**3 - 109*j**2 + 115*j - 495. What is the thousands digit of f(-111)?
1
Suppose 72*k - 188*k + 1072441 = -408879. What is the thousands digit of k?
2
Let p(h) be the second derivative of 41*h**3/2 - 25*h**2/2 - 14*h + 2. What is the hundreds digit of p(4)?
4
Let w = -96 - -100. Suppose w*j + 0*o - 1468 = -2*o, 372 = j - 2*o. What is the units digit of j?
8
Let v be 4*1 + (12/4 - -2). Suppose -9*t = v*t + 324. Let w = t - -102. What is the units digit of w?
4
Suppose 6*c - 18673 - 16361 = 0. Suppose -36*x + 5717 = -c. What is the units digit of x?
1
Let s(n) = 991*n**2 - 15*n - 41. What is the thousands digit of s(-3)?
8
Suppose 5910 + 39018 = 12*v. What is the hundreds digit of v?
7
Let h be ((-10)/3)/(4/(-12)). Let b(x) = 4*x - 3. Let v be b(h). Suppose 174 = q + v. What is the hundreds digit of q?
1
Let w = 252 + -237. Suppose -16*o = -w*o - 337. What is the hundreds digit of o?
3
Suppose -10 = -5*m + b, -3 + 7 = 2*m - 4*b. Suppose -m*j = j - 423. Suppose -j = -4*w - 41. What is the tens digit of w?
2
Let j(c) be the third derivative of 61*c**4/24 - 17*c**3 + 4*c**2 + 1. What is the units digit of j(12)?
0
Suppose -6*w + 31*w = 75. Suppose -4*k + 4*o = -996, -w*k + 1195 = 2*k + 5*o. What is the tens digit of k?
4
What is the thousands digit of 22784 + -1 - (-204)/(-34)?
2
Let t = 37 - 12. Suppose -4*q = -4*k + 24, -3*k = 5*q + t - 3. What is the tens digit of 86 - ((-1 - k) + -1)?
8
Let h(j) = 31*j**2 - 15*j - 25. Let i be h(-5). Let b = i + 10. What is the hundreds digit of b?
8
Let i(l) = 6*l**3 - 7*l**2 + 2*l + 3. Let h be i(5). Let o = h - 421. What is the tens digit of o?
6
Let c(x) be the first derivative of 3*x**2/2 + 35*x - 2. Let w = -490 + 506. What is the tens digit of c(w)?
8
Let k(y) = 15*y + 3. Let l be k(-2). Let q = l + 31. Suppose -5*c = q*d - 272, -2*d + 0 = c - 58. What is the units digit of c?
2
Let s be (-972 - -2) + (-2)/(-4)*6. Let x = s - -1366. What is the units digit of x?
9
Let r = 22 + -26. Let l be r/(-10) + 84/15. Let k(i) = 4*i**2 - 5*i - 10. What is the hundreds digit of k(l)?
1
Suppose -2*u - 3*k + 35178 = 0, 3*u - 5*k + 8*k = 52767. What is the hundreds digit of u?
5
Suppose 0*f = -43*f + 537242. What is the tens digit of f?
9
Let y = -13 - -36. Let q = -27 + y. What is the tens digit of (-4)/18 + (-1984)/(-18) + q?
0
Suppose g = -2*z - 0*z, 15 = 5*g - 5*z. Suppose 4*c - 5625 = -k, 3*c + 7*k = g*k + 4223. What is the units digit of c?
6
Let y(h) be the second derivative of -109*h**6/720 - h**5/120 + h**4/4 - 11*h. Let k(i) be the third derivative of y(i). What is the hundreds digit of k(-1)?
1
Let w = -614 - -252. Let b = w - -710. What is the units digit of b?
8
Let y(r) = r**2 - 9*r - 14. Let v be y(10). Let o be 666/10 + 119/35 + v. Suppose 0 = 10*p + o - 896. What is the tens digit of p?
8
Suppose 0 = -6*h + 17*h - 418. Suppose 3*g = g + h. Let c = -7 + g. What is the units digit of c?
2
Let h = -2298 + 5242. What is the tens digit of h?
4
Let u(i) = -5*i**2 - 84*i + 68. Let g(c) = 14 + 6 - 3*c**2 - 56*c + 8 + 17. Let q(h) = -8*g(h) + 5*u(h). What is the tens digit of q(20)?
4
What is the hundreds digit of 4383972/96 - 20/(-32)?
6
Let q be 1*6 + (-1 - -2). Let h be 1*5*-4*q/(-28). What is the tens digit of (h + (-4)/1)*11?
1
Let b(h) = -2143*h + 1426. What is the ten thousands digit of b(-11)?
2
Let s(p) be the second derivative of -4*p + 2*p**3 + 0 + 1/2*p**4 - p**2. What is the tens digit of s(-5)?
8
Let o be 2 - 8/4 - -5. Let h(r) = -r**3 + 2*r**2 + r + 2. Let c be h(o). Let x = c + 103. What is the units digit of x?
5
Let z(n) = -10*n**2 + 10*n - 1. Let y be z(2). Let x(j) = -27*j - 151. What is the hundreds digit of x(y)?
4
Let b(h) = 2*h**3 - 232*h**2 + 18*h - 148. What is the thousands digit of b(116)?
1
Suppose 54901 + 44735 = 290*q - 278*q. What is the units digit of q?
3
Suppose 30 = 3*o + 3*m - 6, -31 = -3*o + 2*m. Suppose o*x - 4935 = -1503. What is the hundreds digit of x?
3
Let q = -263 + 265. What is the tens digit of ((-1034)/66)/(q/(-72)*1)?
6
Suppose -145*k = -143*k + 10. Let s(f) = -160*f - 135. What is the units digit of s(k)?
5
Suppose 520974 + 263999 - 91073 = 135*b. What is the tens digit of b?
4
Let m = 3590 - 867. Let p = 3846 - m. What is the tens digit of p?
2
Let v = -5757 + 23763. What is the units digit of v?
6
Let a = -25539 + 43638. What is the tens digit of a?
9
Let w = -178 + 180. Suppose -2*a - 5*l = -447, 0 = 2*a - w*l - 202 - 224. What is the hundreds digit of a?
2
Let s(q) = q**3 + 36*q**2 - 13*q + 163. What is the hundreds digit of s(-16)?
4
Let w be 29/(3 + 0 - (-250)/(-85)). Suppose -2*k = q - w, 2*q = -k + 887 + 99. What is the hundreds digit of q?
4
What is the hundreds digit of 73552 - 2/6*(-23)/(345/270)?
5
Let v(w) = -10552*w - 6. What is the hundreds digit of v(-2)?
0
Suppose -4*k = -41 + 17. Suppose -k*l = -l - 5*f + 420, 5*f + 370 = -5*l. Let z = -66 - l. What is the tens digit of z?
1
Let x = 28 - -2. Suppose -62 = -2*z + 5*v, -v = -2*z - 4*v + x. Suppose -18*l + z*l - 279 = 0. What is the units digit of l?
3
Suppose i - 4*d + 5*d = 910, -890 = -i + 4*d. Suppose -17 + 2 = 5*c, -2*c + i = 3*k. What is the hundreds digit of k?
3
Suppose 42754 + 69318 = 39*a - 336857. What is the hundreds digit of a?
5
What is the tens digit of 78/24 + -4 + (-197630)/(-40)?
4
Let d(w) = -17*w - 8. Suppose -35*z - 63 = -32*z. What is the units digit of d(z)?
9
Suppose -116*c + 119*c + 129 = 0. What is the tens digit of c/((-6)/(-180)*-1)?
9
Let o be ((1 + 4 - 3)/(-2))/1. What is the units digit of 648/(-81) - o*51?
3
Let v(i) = -i**2 + 3*i + 9. Let d be v(14). Let j = d + 91. What is the tens digit of j/18 - 138/(-2)?
6
Suppose -5*r = -3*g - 3848 - 1995, 4*r = 5*g + 4690. What is the tens digit of r?
6
Suppose 2*u - 41306 = -4*w, -30963 = 74*w - 77*w + 4*u. What is the ten thousands digit of w?
1
Let f(z) = 4*z**2 + 14*z - 5. Let i be f(-4). Suppose i*b = -2*b + 2*k + 2709, -2*k = -b + 537. What is the units digit of b?
3
Let b = 43574 + -29661. What is the units digit of b?
3
Suppose 21 = 5*o - u, 5 = o + u + 2. Let h be (-1 + (o - 2))*0. Suppose 3*m + 387 = 5*q, 4*q = -h*q + 4*m + 308. What is the tens digit of q?
7
Let o be (-7)/(((-1)/3)/(1/(-3))). Let f(a) = a**2 + 6*a - 5. Let r be f(o). Suppose 2*q - 5*x = 181, -3 = -r*x + 3. What is the units digit of q?
8
Suppose -3*v = -5*y + 20, -5*v = 2*y + 3 - 11. Let c(d) = -2*d**2 + d + v*d**2 - 12 + 14*d. What is the tens digit of c(5)?
1
Suppose 64*m - 1426720 = 946656. What is the units digit of m?
4
Let s = 8873 + -1674. What is the hundreds digit of s?
1
Let a = -12 - -7. Let w(y) = 9*y**2 + 5*y + 15. Let o(c) = -28*c**2 - 16*c - 46. Let m(r) = 2*o(r) + 7*w(r). What is the units digit of m(a)?
3
Let w(g) = 98*g**3 - g + 1. Let c be w(1). Let r(y) = -10*y**2 - 22*y - 29. Let x be r(-3). Let o = x + c. What is the units digit of o?
5
Suppose 0 = 3*r - 9, 2*r - 4 - 17 = 5*h. Let y = h - -5. What is the hundreds digit of (35*-5)/(y/(-4)*2)?
1
Suppose -4*t = 3*p - 11046, 2*t - 9396 + 3858 = -4*p. What is the thousands digit of t?
2
What is the units digit of -14 + (-198214)/(-217) + 4/7?
0
Let u = -65 + 68. Suppose -20*c + u*c + 6919 = 0. What is the tens digit of c?
0
Let j = -8638 + 10891. What is the thousands digit of j?
2
Let u(z) = -9*z - 5. Let p = -36 - -33. Let i be u(p). Suppose 5*m = 78 + i. What is the tens digit of m?
2
Suppose -178*q - 1746877 + 50586877 = 622*q. What is the thousands digit of q?
1
Let u(s) = 15*s**2 + 5*s - 33. Let v be u(6). Suppose -9*y + 4704 = v. Let w = -228 + y. What is the units digit of w?
5
Suppose -3*w - 24 = 0, 5*w = 109*h - 108*h - 73243. What is the ten thousands digit of h?
7
What is the ten thousands digit of 13968 - (-28)/21*-6?
1
Suppose 7*s - 6 = 127. Let k(x) = -5 - s*x - x**2 - 4 - 2 - 4. What is the tens digit of k(-12)?
6
Suppose -4204 - 2582 = -4*y + 2*h, -1701 = -y + 5*h. Suppose -2*w = -2*u + y, 0 = -4*u + w + 2*w + 3390. What is the units digit of u?
6
Let r(d) = -2*d**3 - 9*d**2 - d + 5. Let x(u) = 8*u**3 + 2*u**2 - 10*u - 12. Let v be x(-1). What is the hundreds digit of r(v)?
4
Let z(j) = -11*j**3 + 3*j**2 - 31*j + 118. Let p be z(5). Let g